 -t**3 + 4*t**2 - 2*t + 4. Let h(o) = 3*a(o) + 4*z(o). Give h(v).
8
Let g be 3/1 + (16 - 20). Let q(o) = 7*o**2 - o. Determine q(g).
8
Let f(l) be the first derivative of -l**2 + 6*l - 3. Calculate f(7).
-8
Let c(a) = -2*a. Let b(m) = 3*m - 5. Let s be b(3). What is c(s)?
-8
Let s = -14 - -8. Let g(n) = -n**3 - 6*n**2 + 2*n + 6. Let k be g(s). Let o(f) = f + 9. What is o(k)?
3
Let x(r) = -r**3 + 2*r**2 + 5*r - 3. Suppose -12*b + 13*b = -2. Let o be 88/32 + b/(-8). Calculate x(o).
3
Let j(b) = b**2 + 5*b - 7. Let q be -2 - (3 + -2 + 3). Give j(q).
-1
Let h(g) = 2*g**2 - 2*g - 1. Suppose 17 = -5*x + 52. Let p(z) = -z**3 + 6*z**2 + 8*z - 5. Let n be p(x). Give h(n).
3
Let d = 3 + 0. Let a(m) = -3*m + 3*m + d + m - 2. Calculate a(1).
2
Let s(j) = -j**3 + 7*j**2 + 8*j + 3. Let x be s(8). Suppose -l = x*l. Let q(t) = -t - 8. Give q(l).
-8
Let x(q) = 0 + 1 + 3*q + 0 - 5. Determine x(-4).
-16
Let s be 1/4 + (-121)/(-44). Let l(n) = 0*n**2 + 2*n**2 - 4*n - 1 - n**2. What is l(s)?
-4
Let z be (2 - (3 + -3)) + -4. Let k = z + 4. Let i(b) = b**3 - 3*b**2 + b. What is i(k)?
-2
Let j(t) be the second derivative of t**4/12 - t**3 + 3*t**2/2 - 4*t. What is j(6)?
3
Let p(u) = -4*u + 3. Let t(v) = -2*v**3 - 2*v**2 + 4*v. Let w be t(-3). Suppose 4*r - 2*i + 12 = 3*i, -w = -4*r - 4*i. What is p(r)?
-5
Let r(t) = -t**3 + 4*t - 1. Suppose 4*a = -13 - 7. Let p(f) = -f**2 - f. Let h(d) = d**3 - 1. Let q be h(0). Let w(v) = a*p(v) + q*r(v). Give w(-5).
-4
Let t(q) = 5*q + 1. Let w(d) = -d**3 + 2*d**2 + d + 1. Let s be w(2). Let r = -5 + s. What is t(r)?
-9
Let x(i) = -i - 3. Suppose 4*o = 10*o + 30. What is x(o)?
2
Let o = 0 - 2. Let r(m) = m**3 + 3*m**2 - 2*m. What is r(o)?
8
Let v be 2 + 8 + (2 - 2). Let i = -5 + v. Suppose -5*p - 1 = 5*z + 4, 0 = z + 5*p + i. Let u(c) = -c**3 + c - 2. Determine u(z).
-2
Let o(p) be the first derivative of -p**4/4 + p**3/3 + 2*p + 21. Calculate o(2).
-2
Let o(h) = h + 2. Suppose m - y + 41 = -4*m, 35 = -4*m + 3*y. Let w = 14 + m. Determine o(w).
8
Let s be 1/(-1 + -1)*6. Let r(v) = -v**3 - v**2 - 2*v - 1. Let d be r(-1). Let w(l) = -d - l + 2*l**2 - l + 5*l. Calculate w(s).
8
Let g(k) = k**3 - k**2 - k - 6. Suppose -3*q = -4*v - 36, -v - 4*v + 4*q - 45 = 0. Let i = 13 + v. Suppose r - i = o, 2 - 18 = -2*o - 4*r. What is g(o)?
-6
Let b(o) = o**2 - 5*o + 4. Let c(y) = 0*y**2 + 0 + y**2 + 3 + 5*y. Let r be c(-5). Suppose r*d = 5*g, -3*g + 11 = 4*d - 18. Determine b(d).
4
Let r(p) = -2 - p**2 - 3 - 2*p - p + 10*p. What is r(4)?
7
Let y = -4 - -8. Suppose y = -4*j + 4*p + 16, p = -4*j + 12. Suppose b - 2 = d - 4*b, -3 = -j*b. Let v(h) = -h**2 + 7*h - 4. Determine v(d).
8
Let y(j) = -1. Let a(i) = -i + 1. Let f(g) = -a(g) + 6*y(g). Give f(8).
1
Let d(b) = 8*b**2 + 2*b + 1. Let l(r) = -15*r**2 - 4*r - 2. Let w(v) = 7*d(v) + 4*l(v). Determine w(-2).
-13
Let b(p) = -4*p**2 + 4. Let t be b(-3). Let r be 8/36 + t/(-18). Let z(a) be the first derivative of a**4/4 - a**2 + a + 2. What is z(r)?
5
Let a(u) = -2*u**2 - u + 3*u**2 - 4*u + 4*u. Suppose b + 0*b = 3. Let l = b - 2. Determine a(l).
0
Let b(k) be the third derivative of -k**8/20160 - k**7/1680 + k**6/144 + k**5/15 + k**2. Let p(d) be the third derivative of b(d). Determine p(-5).
-5
Let o(i) be the third derivative of -i**6/120 - i**5/60 - i**4/24 - i**3/2 + i**2. Suppose -3*h = -h - 32. Suppose 8*n + h = 4*n, -2*f + 4 = -n. Calculate o(f).
-3
Let i(c) be the first derivative of -c**4/4 + c**3/3 + 7*c + 75. Determine i(0).
7
Let z(l) be the second derivative of 1/12*l**4 - l - 7/2*l**2 - 1/2*l**3 + 0. Let w(y) = y + 1. Let f be w(4). Determine z(f).
3
Suppose -22 = 5*c + 3. Let v(m) be the third derivative of m**4/8 + 7*m**3/6 + 4*m**2. Determine v(c).
-8
Let l(c) = 4*c - 3. Let m be l(-3). Let j = 21 + m. Let h(d) = 0 + 2*d + 0 + j. Determine h(-5).
-4
Let v(s) = 2*s**3 - s**2 - 2*s - 1. Let x(l) = l**2 - l - 4. Let p be x(2). Calculate v(p).
-17
Let o(k) be the first derivative of 3 + 2*k - 1/12*k**4 - 1/6*k**3 - 2*k**2. Let a(s) be the first derivative of o(s). Determine a(0).
-4
Let y(s) = 4*s**2 - 2*s + 1. Suppose 2 = p + 11. Let a(c) = -c + 6. Let r be a(0). Let f be (-6)/p*r/4. What is y(f)?
3
Let n = -8 - -8. Let m(u) be the first derivative of -u**3/3 - 3*u - 2. Calculate m(n).
-3
Let g(l) = 2*l - 50*l**2 - 9 + 49*l**2 + 7*l. What is g(7)?
5
Let z be 3 - 0*2/4. Let v(a) be the third derivative of a**5/60 - a**4/6 + a**3/2 - 9*a**2. Calculate v(z).
0
Let k be (2 + -1)*(6 + -1). Suppose k*u - 4*u + 4 = 0. Let g(m) = -3*m**2 - 14*m + 8. Let n(t) = t**2 + 5*t - 3. Let b(j) = 3*g(j) + 8*n(j). Determine b(u).
-8
Suppose -z + 4*p + 6 = 0, -6*p + 4*p - 38 = -4*z. Let w(d) = -7 + z - 10 + d. Give w(4).
-3
Let h(n) be the second derivative of 1/10*n**5 - n**2 + 1/6*n**4 - 1/3*n**3 - 5*n + 0. Determine h(-2).
-6
Let b(q) be the first derivative of -q**2/2 - 21*q - 13. Give b(0).
-21
Let c(a) = -15*a**2 - 8*a - 5. Let j(q) = 44*q**2 + 23*q + 14. Let y(z) = -17*c(z) - 6*j(z). Let u be 2*-1 + (4 - 1). Give y(u).
-10
Let s = 2 + 2. Let p(g) = g - 4. Determine p(s).
0
Let u(k) be the first derivative of -2*k - 1/3*k**3 - k**2 - 4. Let m(y) = -3*y + 3. Let l be m(2). Calculate u(l).
-5
Let w = -18 - -24. Let c(j) = j**3 - 7*j**2 + 4*j + 2. Give c(w).
-10
Suppose 3 = -n + 2*x, -5*x + 12 = n - 2*n. Let s(c) = n*c + 0*c - 2*c. Suppose -4*a - 16 = -8*a. Give s(a).
4
Let i(n) = -n**2 + n + 1. Let f(c) = c**2 + 6*c + 3. Let s be f(-6). Let p be i(s). Let b(t) = -t - 9. Determine b(p).
-4
Let o be -1 + -4 + 0 + 1. Let p(c) be the first derivative of -c**3/3 - 3*c**2/2 - 3*c - 94. Determine p(o).
-7
Let h = 9 - 11. Let w(l) = -l**2 + l. What is w(h)?
-6
Let c(j) = j**3 + j**2 + j + 16. Suppose -4*n = 3*l - 20, 0 = 3*n - 11 - 4. Give c(l).
16
Let u = -5 - 1. Let d(f) = f + 8. Let y be d(-5). Let t(g) = -6 - g - 2*g - y. Calculate t(u).
9
Let b(m) = m**3 - 2*m**2 - 2. Suppose 5*x + 0 + 7 = 4*a, 0 = -5*a + 4*x + 11. Let d = 6 - a. Determine b(d).
7
Let x(r) be the second derivative of 1/8*r**4 + 0*r**2 - 1/40*r**5 + 1/180*r**6 + 3*r - 2/3*r**3 + 0. Let v(t) be the second derivative of x(t). What is v(2)?
5
Let x(f) = -f - 1. Let l(i) = 4*i. Let n(k) = -l(k) - 5*x(k). Calculate n(4).
9
Let f(l) = -4*l**2 + 1. Let d(s) = 3*s**2 - s - 2. Let y(k) = 3*d(k) + 2*f(k). Let x(j) = j**2 - 4*j + 4. Let o be x(4). Give y(o).
0
Let i(m) be the first derivative of m**3/3 + 2*m**2 - 3*m + 1. Let o(d) = -d - 4 - 3 - 1 + 0*d. Let n be o(-4). Calculate i(n).
-3
Let w(m) = -m + 7. Let d be 0/((-4)/10*(-10)/4). Calculate w(d).
7
Let h(w) = w**2 - 2*w + 0*w**2 + 1 + 4*w**2. Suppose 23 - 25 = -2*v. Determine h(v).
4
Let b(d) = -d**2 - 3*d + 2. Let u(r) = -5*r**2 - 15*r + 11. Let x(h) = 11*b(h) - 2*u(h). Calculate x(-3).
0
Let b(i) = 2*i + 0*i + 2*i - 6*i + 1. Let f(k) = k**3 - 6*k**2 - 8*k + 6. Let o be f(7). Let l be (5/o)/(-2 + 1). What is b(l)?
-9
Let b = -22 + 8. Let l be 4/b + 46/14. Suppose 0 = l*w - 8 + 2. Let k(r) = -r + 3. What is k(w)?
1
Let z(p) be the first derivative of -3 + 0*p + 1/2*p**2. Let b be 2/7 - 9/7. Give z(b).
-1
Let i = -12 + 10. Let r(w) = -2*w**3 - 2*w**2 + 2*w + 1. What is r(i)?
5
Suppose -3 = -2*y - 3*z, y + z = -y + 1. Let b(j) = j**2 + j + 3. Let s be b(y). Let q(a) = 2 - 1 - 5*a**s + a**3. Determine q(1).
-3
Suppose 4*y - 3*p + 1 - 3 = 0, y + 2 = 2*p. Suppose 3*d + y*d = 20. Suppose -6 = 5*f - d*f. Let c(v) = v**2 + 6*v - 3. Calculate c(f).
-3
Let o(d) = d**3 - 8*d**2 - 8*d - 6. Let b(a) = 3*a**3 - 23*a**2 - 23*a - 17. Let p(k) = -6*b(k) + 17*o(k). Let j = -3 + 5. Give p(j).
4
Let v(z) be the second derivative of -z**5/120 + 5*z**4/24 - z**3/3 + 3*z. Let p(n) be the second derivative of v(n). What is p(4)?
1
Let c(a) = a**2 + 3*a + 1. Suppose 0 = 4*b + 2*w - 14, 0 = 2*b + w - 2*w - 17. Suppose 4*z + 4*m + 24 = 0, -4*z - b*m = -m + 27. What is c(z)?
1
Let y(a) = -a**3 - a**2 - a - 1. Let c(z) = -6*z**3 + z**2 - 11*z - 4. Let x(i) = c(i) - 5*y(i). Let l be 3/(-1) + (13 + -4 - 2). Give x(l).
9
Let q(i) = 5*i - 9. Let s(c) = -c. Let u(b) = q(b) + 2*s(b). Determine u(6).
9
Let l be -3 + (-7)/(28/(-16)). Suppose -1 = 2*j + l. Let x(c) be the third derivative of -c**6/20 - c**5/30 - c**4/24 + c**2. Determine x(j).
5
Let p be 20/(-6)*18/(-15). Suppose -u + 5*z - 7 = 0, p*u + 2*z + 5 = -1. Let j be 